 823.
503
Calculate the remainder when 59445 is divided by 221.
217
Calculate the remainder when 900 is divided by 182.
172
Calculate the remainder when 4609 is divided by 1039.
453
What is the remainder when 54595 is divided by 6823?
11
Calculate the remainder when 2138 is divided by 492.
170
Calculate the remainder when 35525 is divided by 8.
5
What is the remainder when 129870 is divided by 72?
54
Calculate the remainder when 245485 is divided by 8.
5
Calculate the remainder when 37375 is divided by 77.
30
What is the remainder when 373995 is divided by 722?
721
Calculate the remainder when 749111 is divided by 6.
5
Calculate the remainder when 19037 is divided by 18851.
186
What is the remainder when 3752 is divided by 606?
116
What is the remainder when 56500 is divided by 146?
144
Calculate the remainder when 19063 is divided by 561.
550
Calculate the remainder when 18308 is divided by 9087.
134
Calculate the remainder when 13781 is divided by 493.
470
What is the remainder when 38657 is divided by 38647?
10
What is the remainder when 49085 is divided by 9814?
15
What is the remainder when 256750 is divided by 128368?
14
Calculate the remainder when 3622 is divided by 1231.
1160
Calculate the remainder when 3264 is divided by 962.
378
Calculate the remainder when 34622 is divided by 198.
170
What is the remainder when 26648 is divided by 995?
778
What is the remainder when 25133 is divided by 354?
353
What is the remainder when 2127 is divided by 120?
87
What is the remainder when 37797 is divided by 2872?
461
What is the remainder when 105283 is divided by 343?
325
What is the remainder when 1843718 is divided by 183?
176
Calculate the remainder when 4696 is divided by 59.
35
What is the remainder when 20987 is divided by 656?
651
Calculate the remainder when 51812 is divided by 69.
62
Calculate the remainder when 239149 is divided by 119571.
7
Calculate the remainder when 5850 is divided by 1923.
81
Calculate the remainder when 24733 is divided by 1762.
65
Calculate the remainder when 267071 is divided by 428.
427
What is the remainder when 47432 is divided by 11849?
36
Calculate the remainder when 2914 is divided by 227.
190
What is the remainder when 55628 is divided by 155?
138
Calculate the remainder when 43359 is divided by 104.
95
Calculate the remainder when 3243 is divided by 457.
44
What is the remainder when 55705 is divided by 1795?
60
What is the remainder when 381207 is divided by 34?
33
What is the remainder when 133914 is divided by 7?
4
What is the remainder when 28694 is divided by 237?
17
Calculate the remainder when 8778 is divided by 590.
518
Calculate the remainder when 297848 is divided by 74458.
16
What is the remainder when 18083 is divided by 10?
3
What is the remainder when 12770 is divided by 45?
35
What is the remainder when 549883 is divided by 1536?
1531
Calculate the remainder when 595994 is divided by 23.
18
Calculate the remainder when 192828 is divided by 92.
88
What is the remainder when 7586 is divided by 158?
2
Calculate the remainder when 15791 is divided by 5244.
59
What is the remainder when 321406 is divided by 364?
358
Calculate the remainder when 6201 is divided by 93.
63
Calculate the remainder when 941 is divided by 265.
146
Calculate the remainder when 1476158 is divided by 1318.
1316
What is the remainder when 691389 is divided by 119?
118
What is the remainder when 299691 is divided by 597?
594
Calculate the remainder when 2167 is divided by 399.
172
What is the remainder when 11815428 is divided by 110?
108
What is the remainder when 67524 is divided by 15?
9
Calculate the remainder when 484120 is divided by 32273.
25
What is the remainder when 858 is divided by 269?
51
Calculate the remainder when 2674 is divided by 1305.
64
Calculate the remainder when 186664 is divided by 6.
4
Calculate the remainder when 504 is divided by 8.
0
Calculate the remainder when 55171 is divided by 424.
51
Calculate the remainder when 509054 is divided by 64.
62
Calculate the remainder when 10325 is divided by 97.
43
What is the remainder when 26443 is divided by 972?
199
Calculate the remainder when 627 is divided by 299.
29
What is the remainder when 441712 is divided by 5?
2
What is the remainder when 65274 is divided by 553?
20
What is the remainder when 25424 is divided by 212?
196
What is the remainder when 94600 is divided by 1391?
12
Calculate the remainder when 64113 is divided by 504.
105
Calculate the remainder when 42733 is divided by 15.
13
What is the remainder when 20312 is divided by 20303?
9
Calculate the remainder when 6813 is divided by 411.
237
Calculate the remainder when 897 is divided by 129.
123
Calculate the remainder when 1615 is divided by 8.
7
What is the remainder when 309 is divided by 168?
141
Calculate the remainder when 907 is divided by 182.
179
Calculate the remainder when 10837 is divided by 84.
1
What is the remainder when 75810 is divided by 36?
30
Calculate the remainder when 14785 is divided by 7315.
155
Calculate the remainder when 587 is divided by 17.
9
What is the remainder when 4298 is divided by 64?
10
What is the remainder when 11401 is divided by 364?
117
What is the remainder when 2856 is divided by 813?
417
What is the remainder when 1992 is divided by 96?
72
What is the remainder when 638 is divided by 28?
22
What is the remainder when 4937 is divided by 282?
143
Calculate the remainder when 53665 is divided by 53648.
17
What is the remainder when 28182 is divided by 224?
182
Calculate the remainder when 4324 is divided by 2137.
50
Calculate the remainder when 24737 is divided by 4114.
53
Calculate the remainder when 95467 is divided by 351.
346
What is the remainder when 36179 is divided by 12051?
26
What is the remainder when 272540 is divided by 1880?
1820
What is the remainder when 129977 is divided by 54?
53
Calculate the remainder when 60784 is divided by 408.
400
What is the remainder when 1507 is divided by 81?
49
Calculate the remainder when 10026 is divided by 4675.
676
What is the remainder when 294685 is divided by 1060?
5
Calculate the remainder when 4879163 is divided by 112.
107
What is the remainder when 23987 is divided by 62?
55
Calculate the remainder when 47918 is divided by 10.
8
What is the remainder when 14371 is divided by 2052?
7
What is the remainder when 13375 is divided by 273?
271
What is the remainder when 3338504 is divided by 551?
546
What is the remainder when 2475 is divided by 46?
37
Calculate the remainder when 23000 is divided by 5.
0
What is the remainder when 15976 is divided by 29?
26
Calculate the remainder when 2288 is divided by 2122.
166
What is the remainder when 32822 is divided by 85?
12
Calculate the remainder when 5485 is divided by 1807.
64
What is the remainder when 2051969 is divided by 21?
17
What is the remainder when 25744 is divided by 8572?
28
Calculate the remainder when 1738 is divided by 29.
27
Calculate the remainder when 10908 is divided by 46.
6
Calculate the remainder when 1948 is divided by 353.
183
What is the remainder when 1182818 is divided by 1227?
1217
Calculate the remainder when 199822 is divided by 2896.
2894
Calculate the remainder when 268548 is divided by 9.
6
Calculate the remainder when 12040 is divided by 6.
4
Calculate the remainder when 1753 is divided by 1697.
56
What is the remainder when 1355 is divided by 771?
584
What is the remainder when 7744 is divided by 1545?
19
What is the remainder when 3221 is divided by 637?
36
What is the remainder when 33584 is divided by 2099?
0
What is the remainder when 61091 is divided by 5552?
19
Calculate the remainder when 92264 is divided by 233.
229
Calculate the remainder when 540378 is divided by 19.
18
Calculate the remainder when 5686 is divided by 734.
548
What is the remainder when 153063 is divided by 152?
151
What is the remainder when 5079 is divided by 63?
39
Calculate the remainder when 260346 is divided by 11.
9
What is the remainder when 1680 is divided by 1554?
126
What is the remainder when 4058 is divided by 3633?
425
What is the remainder when 193695 is divided by 96826?
43
Calculate the remainder when 5577 is divided by 1113.
12
What is the remainder when 2780 is divided by 329?
148
Calculate the remainder when 1